nits digit of m?
1
Let t = -660 + 335. What is the units digit of (-4)/18 + t/(-45)?
7
Suppose 52 = 5*i - 68. What is the units digit of (6/2)/(i/32)?
4
Suppose -3*h = -3*d - 4 - 134, -70 = -h - 5*d. What is the units digit of h?
0
Let l be (-4 + 2 - -3)*-14. Let k = l - -21. What is the units digit of k?
7
Let g(r) = 3*r + 13 + 2*r - 6*r. What is the units digit of g(-10)?
3
Let g = -26 + 21. Let b = 1 - g. What is the units digit of b?
6
Let k(x) be the first derivative of -x**4/4 + 2*x**3 - 5*x**2/2 + x + 3. What is the tens digit of k(4)?
1
Suppose 4*j = 2*p - 46, -3*j + 89 = 5*p - 0*p. Let b be (p/5 + -3)*-5. What is the units digit of 10/8 - (-1)/b?
1
Let i = -3 + 7. Suppose 0 = -0*f - 5*f, -3*f + 18 = 3*b. What is the units digit of (b/9)/(i/6)?
1
Let j(o) = 5*o**3 + 2*o**2 - 3*o + 2. What is the units digit of j(2)?
4
Let t(j) = 9*j - 5. Let h(d) = -45*d + 24. Let v(u) = -5*h(u) - 24*t(u). What is the units digit of v(2)?
8
Let g = -2 - -6. Suppose -4*n + 41 = -3*d, 4*n + g*d - 15 = 3*n. What is the tens digit of n?
1
Let v = -22 - 1. Let w = -16 - v. Let h(z) = 2*z - 8. What is the units digit of h(w)?
6
What is the tens digit of (1024/(-12))/4*-3?
6
Let w = -11 + 18. Suppose -w*f + 35 = -2*f. What is the units digit of f?
7
What is the units digit of (-3 - -12) + -2 - 0?
7
Suppose -4*b - 4*z = -0*b - 80, 2*z + 40 = 2*b. What is the tens digit of b?
2
Let g(m) = -m**3 + 7*m**2 + 4*m - 9. Let a(f) = f + 4. Let s be a(3). What is the tens digit of g(s)?
1
Suppose 3*i - 18 = 2*a - a, 0 = 5*a + 15. What is the units digit of i?
5
Suppose -9*k + 16*k - 1519 = 0. What is the units digit of k?
7
Let w be 3 - (-3)/(9/(-6)). Let h = w + 2. Suppose 13 + 21 = h*t + y, 4*y - 6 = -2*t. What is the units digit of t?
3
Suppose 58 = 5*f - 12. Let g(z) = -z + 25. What is the tens digit of g(f)?
1
What is the tens digit of (-4180)/(-28) + (-6)/21?
4
Let i be ((-3 - -1) + 1)/(-1). Suppose 0 = 2*t - f - 6, t + 16 = 5*f + i. What is the units digit of t?
5
Let i(c) = -c**3 - 3*c**2 + 2*c + 2. Let k be i(-4). Let f be -5 + (1 + 1)/(-2). Let o = f + k. What is the units digit of o?
4
Suppose -3*q = -3*p + 543, -2*p + 3*q + 127 = -231. What is the units digit of p?
5
Let y = -100 + 313. What is the units digit of y?
3
Let i(q) = q**2 + 3*q - 5. Let b be i(-4). What is the tens digit of (32/(-12))/(b/12)?
3
Let o(h) = -h**2 + 4*h + 6. Suppose -u + 4*u = 15. Let i be o(u). Let q = 2 - i. What is the units digit of q?
1
Suppose 5*j = -3*t + 40, 2*t = 3*j + t - 10. Suppose x - 5*b + 1 = -18, j*x + 11 = 4*b. Let l(m) = 2*m**3 - 2*m + 1. What is the units digit of l(x)?
1
Let k(j) = -j - 6. Suppose -3*i = -4*a + 20, 2*i = -0*i - a + 5. Let y be k(i). Let w(s) = s**3 + 6*s**2 - s - 4. What is the units digit of w(y)?
2
Let s = -16 + 16. Suppose -5*n = -s*n - 65. What is the tens digit of n?
1
Let p = -5 - -3. Let m = p - -2. Suppose 10 = o - m*o. What is the units digit of o?
0
Let r be (28/(-4) - -2)*-1. Suppose f = -s + 19, -2*f - r = 1. What is the units digit of s?
2
Suppose -16 = 2*t + 4. What is the units digit of t/35 - 18/(-14)?
1
Let k(g) be the second derivative of -g**3/3 - 9*g**2/2 - 2*g. What is the units digit of k(-6)?
3
Let v(s) = s**2 + s - 4. Let b be ((-12)/(-10))/(1/(-5)). Let l(n) = n**3 + 7*n**2 + 6*n - 4. Let o be l(b). What is the units digit of v(o)?
8
Suppose -4*k = -0*k - 180. Suppose -3*f + 8*f = k. What is the units digit of f?
9
Suppose 24 = -4*b + 3*r, -3*r = -5*b + r - 30. Let v be 0 + 1 - (b - -2). Suppose -2*d + 40 = v*k, -4*k + 8 = -3*k - 3*d. What is the units digit of k?
8
Let l = 15 + -25. Let z = -5 - l. Suppose z - 13 = -g. What is the units digit of g?
8
Let n(p) = p**3 + p + 9. Let u be n(0). Let h(s) = -s**2 + 12*s - 13. What is the units digit of h(u)?
4
Let g be 28 - (-4 + 5 - -3). Let j = 39 - g. What is the tens digit of j?
1
Suppose p + 3*p + 408 = 0. What is the units digit of (2/(-4))/(3/p)?
7
Suppose 2*a - z - 182 - 56 = 0, 358 = 3*a - 2*z. What is the tens digit of a?
1
Let g(b) be the third derivative of 0*b - 1/24*b**4 + 1/2*b**3 + b**2 + 0. What is the units digit of g(0)?
3
Let l = 7 - 15. Let a = 11 + l. Let t(j) = j**3 - 3*j**2 + 2*j - 2. What is the units digit of t(a)?
4
Suppose -n - 27 = -4*n. Suppose 0 = n*q - 4*q - 145. What is the tens digit of q?
2
Let j be (-2)/(-2) + 26 + -2. Suppose -3*d + j = 5*w - 29, -9 = -3*w. What is the tens digit of d?
1
Let q = -63 + 98. What is the tens digit of q?
3
Let i = 12 + -7. Suppose 0 = 2*j - 3 + i. Let q = j - -2. What is the units digit of q?
1
Suppose 23*n - 1074 = 20*n. What is the tens digit of n?
5
Suppose -7*q + 3*q - 5*m + 284 = 0, 0 = -q + 5*m + 71. Let n = q - 51. What is the tens digit of n?
2
Suppose 0 = 2*c - 4*q + 4, -5*q + 0*q + 10 = 0. Suppose -g = -4*j - 0*g + 103, -102 = -4*j + c*g. What is the tens digit of j?
2
Let f be -6*(9/6)/3. Let a = 1 - f. What is the units digit of a?
4
Suppose -12 = -3*j, g + 2*j = 3*g + 4. Let c = g - -2. What is the tens digit of (22/c)/((-1)/(-2))?
1
Suppose -4*q = -i - 0*q - 14, 0 = -2*i + q. Suppose 0 = i*w - 6 - 34. What is the units digit of w?
0
Suppose -4*h = a - 35 - 28, -h - 3*a + 2 = 0. Let z = 3 + 22. Let j = z - h. What is the units digit of j?
8
Suppose 5*l - 25 = -5. Suppose 0 = 5*i - 2*p - 50, l*i + p = -i + 35. What is the units digit of i?
8
Let x(a) = a**2 - 4*a - 1. Let s be x(2). Let r(o) = o + 4. Let l(m) = -2*m - 11. Let w(u) = -2*l(u) - 7*r(u). What is the units digit of w(s)?
9
Suppose -2*u = -5*n + 21, 0*n = -2*n - 3*u + 16. What is the units digit of (-8 + n)/(6/(-8))?
4
Let g(d) = -6*d - 11. What is the tens digit of g(-6)?
2
Suppose 9 = p + 2. Let h(k) = -3*k**3 - 13 + 7 + 8*k**2 - 6*k + 2*k**3. What is the units digit of h(p)?
1
What is the units digit of 9/(-4)*16/(-6)?
6
Let o = 213 + -99. What is the tens digit of o?
1
Let f = 8 + 11. Suppose -r - 4 - f = -4*h, -1 = h + 2*r. What is the units digit of h?
5
Let c be (-1)/(3 + (-520)/172). Suppose -5*z = -4*d + c, 0 = -d - z + 4. What is the units digit of d?
7
Let k(q) = -q**2 - 6*q + 2. Let u be k(-5). Suppose -h = 3 - u. Suppose -5*c = -4*x - 2, -1 = -h*x + 7. What is the units digit of c?
2
Suppose 4*o - 1 = 5*w + 34, 15 = 3*w. Suppose -o = -5*a - 0*a + 4*m, 0 = -4*a + 3*m + 12. Suppose -a*n + 25 + 2 = 0. What is the units digit of n?
9
Let v = -114 - -243. What is the tens digit of v?
2
Let z be 2/5 + 666/(-15). Let r = z - -75. Suppose 3*s - 2*x - r = 0, -15 = -s + 3*x - 0. What is the units digit of s?
9
Let j(a) = -a**3 - 22*a**2 + 23*a + 7. What is the units digit of j(-23)?
7
Let x = 53 + -30. Suppose -4*v + h - x = -88, -4*v + 5*h = -85. What is the units digit of v?
5
Let r(z) = 2*z**2 + 3*z - 4. Let l = -11 + 15. What is the tens digit of r(l)?
4
Let a = 10 - 4. Suppose -4*v + 3*l + 17 = 0, l + 3 - a = -3*v. Suppose v*o - 12 = 8. What is the tens digit of o?
1
Suppose 5*t - 2*t = 0. Suppose t = -2*r - 6 - 2. What is the units digit of -1 - 14/r*2?
6
Let k(b) = 4*b + 6. What is the units digit of k(2)?
4
Suppose 4*l + 81 = 221. What is the units digit of l?
5
Let u be (-2)/(1 - (-2)/(-1)). Suppose -j - 2*j - y + 6 = 0, -3*j = -2*y - 6. Suppose -u = -j*a - 0. What is the units digit of a?
1
Let p be (-112)/(-12) + (-2)/(-3). Suppose -3*l + 1 + 5 = -v, 2*v + p = 5*l. What is the units digit of l?
2
Let r(x) = 51*x**3 + 2*x**2 - x. Let q = 1 - 0. Let h be r(q). Suppose -d - h = -5*d. What is the units digit of d?
3
Let s be 207/(-15) + 2/(-10). Let a = s - -43. What is the units digit of a?
9
Let r(n) = -3*n**2 - 4*n + 0 + 4*n**2 + 0. What is the units digit of r(-3)?
1
Let p(k) be the third derivative of -k**6/40 + k**5/60 + k**4/24 + 4*k**2. Let l(o) = -o**3 - 5*o**2 - 1. Let u be l(-5). What is the units digit of p(u)?
3
Suppose -3 - 5 = -4*y, -4*y + 6 = -k. Suppose 12 = 4*f, -k*b = -b + 3*f - 13. What is the units digit of b?
4
Let w be (19 - 13)*(-2)/(-6). Suppose -w*k - 42 = -4*k. What is the units digit of k?
1
What is the tens digit of ((46/6)/(-1))/(4/(-36))?
6
What is the tens digit of (-2)/(-3)*186/2?
6
Let l(t) = -2*t**3 - 6 + 11*t**2 + 9*t - 3*t**2 + t**3. Let h(q) = -q**3 + q + 1. Let y(c) = 2*h(c) - l(c). What is the units digit of y(-7)?
8
Suppose -9*r + 10*r = 37. What is the units digit of r?
7
Let g(p) = 